- s**5/12 + 7*s**4/12 - s**3/6 + 8*s**2. Let y be r(-7). What is the units digit of y + 3 + -2 - -2?
2
Let t(s) = 20*s**2 - 2*s + 2. Suppose -7 = -4*g + 13. Let u be g*(3 - 60/25). What is the hundreds digit of t(u)?
1
Let c(k) = 8*k**2 - 34*k + 140. Let s be c(7). Let q = 8 + -13. What is the units digit of s*(15/(-9))/q?
8
Let a be 14/2*(-18)/(-21). Let j(y) = 15*y - 5*y - 3 + 5*y - 11*y. What is the tens digit of j(a)?
2
Suppose u + 17 = n - 3*n, 3*n = u - 13. What is the tens digit of n/(-4) + (-5985)/(-30)?
0
Let b be 12/(-15) + (-29)/(-5). Suppose -s = -b*f + 308 + 282, -3*f + 354 = 2*s. What is the hundreds digit of f?
1
Let u = 445 + -445. Suppose -2*x + 2*w + u*w = -1480, x - 744 = 2*w. What is the tens digit of x?
3
Suppose 316711 - 145504 = -74*d + 1051881. What is the hundreds digit of d?
9
What is the thousands digit of (-253)/(-23) + 7*1036?
7
Suppose -7*j - 3*q = -3*j - 3548, -3*j + 2658 = 3*q. Suppose -i + j = 5*w - 0*w, 3*w - 5*i - 562 = 0. What is the tens digit of w?
7
Suppose 2*j - s - 35 = 6*j, j = -s - 11. Let k(v) = v**3 + 9*v**2 + 6. What is the tens digit of k(j)?
7
Suppose -2*t + 6264 = -3*g, -2*t + 0*g + 6274 = 2*g. What is the thousands digit of t?
3
Suppose -5*x - 2359 + 5019 = 0. Suppose 3*m + r = x, 0*m - 5*m - r = -884. What is the units digit of m?
6
Let g(x) be the second derivative of x**5/20 - 7*x**4/6 + 2*x**3/3 - x**2/2 + 21*x - 2. What is the tens digit of g(15)?
8
Let f(n) = -13*n - 71. Let c be f(-11). Suppose 50*y = c*y - 11528. What is the hundreds digit of y?
5
Let d(n) = -28*n + 16*n + n**3 - 7 - 25*n + 25*n**2 - 30. What is the tens digit of d(-25)?
8
Suppose v + 2*b = 7*b + 22, 4*v - 24 = 4*b. Suppose 832 = 5*s - v*y - 1799, 2*y - 4 = 0. What is the tens digit of s?
2
Suppose 3*x - 1268 - 703 = 0. Let j = -345 + x. What is the units digit of j?
2
Let h = 58012 + -32467. What is the ten thousands digit of h?
2
What is the thousands digit of 211/633*(160122 + -3)?
3
Let d(r) = -216*r - 28. Let p = -143 - -139. What is the hundreds digit of d(p)?
8
Suppose 5*c - 5*b = -5, 4*c + 0*c - 1 = 3*b. Suppose 5*o - 155 = -c*r, -r + o + 32 = -9. What is the units digit of r?
0
Let c(s) = -s. Let b = -68 + 60. Let z be c(b). Suppose r - z = 3. What is the units digit of r?
1
Let u(y) = -561*y + 6358. What is the hundreds digit of u(-28)?
0
Let f = -599 - -609. Suppose 0 = f*m - 1426 - 1414. What is the hundreds digit of m?
2
Let x = -90 - -90. Let q(u) = -u**2 + 5*u + u**3 - 4*u - 2*u + 2*u + 74. What is the tens digit of q(x)?
7
Suppose 31*x - 128691 = 31889. What is the units digit of x?
0
Let n(w) = 13*w + 2. Let d be n(-2). Let f = d + 37. Suppose 0 = -f*z + 10*z + 201. What is the tens digit of z?
6
Suppose 0 = 11*v - 14200 + 230. Suppose 0 = d - 5*d + 8, 5*d = -5*o + v. What is the tens digit of o?
5
What is the ten thousands digit of (11753 - (-2 - -18))/1?
1
Let s be 568/16 + (-3)/(-2). Let a = s + -33. Suppose 10 = 5*j + i, -a*j + 7 = 2*i - i. What is the units digit of j?
3
Let o = -2600 - -5810. What is the thousands digit of o?
3
Let q(w) = 198*w**2 - 149*w - 3152. What is the thousands digit of q(-21)?
7
Suppose 10*b = -67 - 53. Let g(x) = 3*x**2 + x - 18. What is the units digit of g(b)?
2
Let w be (3/9*0)/(-2 - -3). Let t(p) = 2*p + 380. What is the units digit of t(w)?
0
Suppose -2038 = 3*y + r, r - 25 = -20. What is the tens digit of (y*(-6)/(-45))/((-3)/15)?
5
Let x(o) = -1165*o - 605. What is the thousands digit of x(-2)?
1
Let f(j) = 3*j**3 - 14*j**2 + 25*j + 37. What is the tens digit of f(10)?
8
Let h be (-20)/(-16)*2*2. Let z(b) = -2*b**3 + 9*b**2 + 3*b - 1. Let o be z(h). Let m(p) = -p**2 - 13*p + 20. What is the units digit of m(o)?
2
Suppose 0*h + 39 = 3*h. Let b(l) = -l**3 + 15*l**2 - 25*l + 16. Let q be b(h). Let v = q - -8. What is the tens digit of v?
3
Let y be -2*-9*5/(-30). Let k = 2 - y. Suppose 0 = -3*x + d + 181, -d = -2*x - k*d + 116. What is the units digit of x?
0
Let z(n) = 458*n + 2687. What is the hundreds digit of z(68)?
8
Let u = 13 - 12. Let d be u/(18/4 - 4). Suppose x + 5*p - 71 = 0, 0 = -x + 4*x + d*p - 226. What is the tens digit of x?
7
Suppose -976202 = -108*s + 91*s - 290201. What is the ten thousands digit of s?
4
Let n be ((-21)/9)/7*-21. Suppose n = -10*u - 23. What is the tens digit of (50/u - 0)/((-2)/9)?
7
Let n = 38914 - 25122. What is the hundreds digit of n?
7
Let o(g) = -14*g**3 + 2*g + 7 - 11*g**2 + 7*g**2 - g**2 + g**2. What is the tens digit of o(-3)?
4
Let x be (3 - (12 - 6)) + 132. Suppose s = 5*z + x, 0 = s + s - 2*z - 250. What is the hundreds digit of s?
1
Suppose i = 34*i + 330. Let u(z) = 55 + 5 + 6*z + 2. What is the units digit of u(i)?
2
What is the thousands digit of (-15 + 15 + -1)*-1971?
1
Suppose 2*w - 7*w + 195 = 0. Let p = w - 41. What is the tens digit of p/7 - 2028/(-42)?
4
Let l = 457 - 524. Let j = l - -175. What is the hundreds digit of j?
1
Let z = -517 + 514. What is the units digit of ((-4)/12)/(71197/(-23730) - z)?
0
What is the ten thousands digit of 12622 - 316 - (10 + 0)/1?
1
Suppose -42*a + 38*a = 4*w - 13772, -4*a = -2*w - 13754. What is the units digit of a?
0
Let m(t) = -22*t**3 + 8*t**2 + 92*t + 836. What is the thousands digit of m(-9)?
6
Let l = 1451 + 1587. What is the tens digit of l?
3
Let s = 0 - -2. Let y = -13223 - -13356. Suppose 34 + 3 = q - 3*f, 0 = -3*q - s*f + y. What is the units digit of q?
3
Suppose -11727 = -13*w + 4*w. Let a = w + -884. What is the tens digit of a?
1
Let q = 226 - -26. Suppose p - 324 = 2*w, 43 = 3*w + 5*p + 529. Let x = w + q. What is the tens digit of x?
9
Let h be 15856/6 + 6*(-4)/(-72). Suppose -9*o = -h - 1263. What is the units digit of o?
4
Suppose 2*r - 2*k = 5243 + 13357, k = -2*r + 18582. What is the tens digit of r?
9
Suppose -n - 5*k = -999, -k - 15 = 2*k. Let w be (35 - 38)*(-5)/3. What is the units digit of n/6 - w/(-15)?
1
Suppose -1437 + 137 = -2*q. Suppose -19*u - 156 = -q. What is the tens digit of u?
2
What is the units digit of 119637/15 + 99/495?
6
Suppose 254*m - 268*m = -158564. What is the ten thousands digit of m?
1
Let v(f) = -7*f - 109. Let p be v(-22). Suppose p*m - 2964 = 41*m. What is the units digit of m?
1
Let x(t) = -t**2 - 35*t - 42. Let u(j) = j**2 - 12*j + 15. Let g be u(11). Let w be -46*(g/(-12) + 15/18). What is the tens digit of x(w)?
3
Let f(d) = 1321*d + 945. What is the tens digit of f(5)?
5
Let w(q) = 5*q + 12. Let r be w(-2). Suppose -r*j - 2*a + 1384 = -0*a, -5*j + 4*a + 3451 = 0. What is the hundreds digit of j?
6
What is the hundreds digit of 16/(-20) + (-27839)/(-105)*6?
5
Suppose -11*v + 120 = 9*v. Suppose -n = b - 800, b + 3982 = v*b - 4*n. What is the tens digit of b?
9
Suppose -1445 = -4*q + 3*y, -4*q + 2213 = -4*y + 773. Suppose -4*b + 5*m + q = -302, -2*b + m + 335 = 0. What is the hundreds digit of b?
1
Let a(i) = -i - 7. Let j(z) = -z**3 + 3*z**2 - 2*z - 1. Let n be j(3). Let q be a(n). Let t = q + 131. What is the units digit of t?
1
Let v be 83/(4/(-8)*-2). Suppose -302 = -5*r + z + 185, -v = -r + 5*z. What is the units digit of r?
8
Suppose 4*y + 31 = 3*g, 4*y + 30 = -g + 3*g. Let d be 23/161 - (-717)/y*-2. Suppose -60*p + d = -55*p. What is the tens digit of p?
4
What is the hundreds digit of (6851868/155 - 61) + (-2 - (-14)/10)?
1
Suppose 495 = 51*m - 42*m. What is the hundreds digit of 10/m + (-28605)/(-33)?
8
Let t(k) = -2*k**2 + 18*k. Let a(p) = -8*p**2 + 71*p + 1. Let s(b) = -2*a(b) + 9*t(b). Let y be s(10). What is the hundreds digit of (-3)/15 + y + 641/5?
1
Let g = -20659 + 36801. What is the hundreds digit of g?
1
Let g be (-2760)/9*((-210)/25)/7. What is the thousands digit of g/64*(-188)/(-1)?
1
Let g(q) = -7*q**2 + 27*q - 4. Let j be g(4). Let x(y) = -33*y - 92. What is the units digit of x(j)?
2
Suppose 11*u - 31010 - 62650 + 10489 = 0. What is the hundreds digit of u?
5
Suppose g + 88687 = 3*z, -5*z = 5*g - 25234 - 122571. What is the hundreds digit of z?
5
Suppose -24329 = -z - a, -z + 63*a - 59*a + 24359 = 0. What is the hundreds digit of z?
3
Suppose -43*o - 7*o + 230200 = 0. What is the thousands digit of o?
4
Let g be (-156)/7*(-10458)/36. Suppose -2*s - b + 2590 = -3*b, 5*s = 4*b + g. What is the units digit of s?
4
Suppose -42*z + 34*z - 4136 = 0. Let v = -342 - z. What is the hundreds digit of 